{"id":374,"date":"2019-09-21T09:07:35","date_gmt":"2019-09-21T09:07:35","guid":{"rendered":"http:\/\/www.active-dimensions.com\/kip.hr\/web\/?page_id=374"},"modified":"2020-11-03T19:36:37","modified_gmt":"2020-11-03T17:36:37","slug":"contacts-kip-d-o-o","status":"publish","type":"page","link":"https:\/\/www.kip.hr\/web\/?page_id=374&lang=en","title":{"rendered":"Contacts"},"content":{"rendered":"\n<p>Director:<br>\nNevenko Kova\u010devi\u0107 <br>\n091 211 0316<\/p>\n\n\n\n<p>Manager for supplies:<br>\nDalibor Kova\u010devi\u0107 <br>\n091 211 0315<\/p>\n\n\n\n<p>Manager for construction and coordinator for production of projects:<br> ing. Mladen Ivanovi\u0107<br> 091 211 0337<\/p>\n\n\n\n<p><\/p>\n\n\n\n<p>Commercial:<\/p>\n\n\n\n<p>Daliborka Tuti\u0107<br> 091 583 7083<\/p>\n\n\n\n<p>E-mail:  <a rel=\"noreferrer noopener\" href=\"mailto:kipdoo12@gmail.com\" data-type=\"mailto\" data-id=\"mailto:kipdoo12@gmail.com\" target=\"_blank\">kipdoo12@gmail.com<\/a><\/p>\n","protected":false},"excerpt":{"rendered":"<p>Director: Nevenko Kova\u010devi\u0107 091 211 0316 Manager for supplies: Dalibor Kova\u010devi\u0107 091 211 0315 Manager for construction and coordinator for production of projects: ing. Mladen Ivanovi\u0107 091 211 0337 Commercial: &#8230;<\/p>\n","protected":false},"author":1,"featured_media":0,"parent":0,"menu_order":0,"comment_status":"closed","ping_status":"closed","template":"","meta":{"_uag_custom_page_level_css":"","footnotes":""},"cb_excerpt":"Director: Nevenko Kova\u010devi\u0107 091 211 0316 Manager for supplies: Dalibor Kova\u010devi\u0107 091 211 0315 Manager for construction and coordinator for production of projects: ing. Mladen Ivanovi\u0107 091 211 0337 Commercial: ...","uagb_featured_image_src":{"full":false,"thumbnail":false,"medium":false,"medium_large":false,"large":false,"1536x1536":false,"2048x2048":false,"onepress-blog-small":false,"onepress-small":false,"onepress-medium":false},"uagb_author_info":{"display_name":"admin","author_link":"https:\/\/www.kip.hr\/web\/?author=1"},"uagb_comment_info":0,"uagb_excerpt":"Director: Nevenko Kova\u010devi\u0107 091 211 0316 Manager for supplies: Dalibor Kova\u010devi\u0107 091 211 0315 Manager for construction and coordinator for production of projects: ing. Mladen Ivanovi\u0107 091 211 0337 Commercial: ...","_links":{"self":[{"href":"https:\/\/www.kip.hr\/web\/index.php?rest_route=\/wp\/v2\/pages\/374"}],"collection":[{"href":"https:\/\/www.kip.hr\/web\/index.php?rest_route=\/wp\/v2\/pages"}],"about":[{"href":"https:\/\/www.kip.hr\/web\/index.php?rest_route=\/wp\/v2\/types\/page"}],"author":[{"embeddable":true,"href":"https:\/\/www.kip.hr\/web\/index.php?rest_route=\/wp\/v2\/users\/1"}],"replies":[{"embeddable":true,"href":"https:\/\/www.kip.hr\/web\/index.php?rest_route=%2Fwp%2Fv2%2Fcomments&post=374"}],"version-history":[{"count":4,"href":"https:\/\/www.kip.hr\/web\/index.php?rest_route=\/wp\/v2\/pages\/374\/revisions"}],"predecessor-version":[{"id":635,"href":"https:\/\/www.kip.hr\/web\/index.php?rest_route=\/wp\/v2\/pages\/374\/revisions\/635"}],"wp:attachment":[{"href":"https:\/\/www.kip.hr\/web\/index.php?rest_route=%2Fwp%2Fv2%2Fmedia&parent=374"}],"curies":[{"name":"wp","href":"https:\/\/api.w.org\/{rel}","templated":true}]}}